of 159235974?
9
What is the millions digit of 2043593477?
3
What is the hundreds digit of 953726548?
5
What is the hundred thousands digit of 3537825842?
8
What is the millions digit of 2540507347?
0
What is the ten thousands digit of 2507716622?
1
What is the ten thousands digit of 305133728?
3
What is the hundred millions digit of 194154701?
1
What is the ten millions digit of 84299187?
8
What is the millions digit of 5724731231?
4
What is the tens digit of 52986578?
7
What is the hundred millions digit of 250447743?
2
What is the ten thousands digit of 426862269?
6
What is the hundred millions digit of 2739956251?
7
What is the thousands digit of 77417541?
7
What is the ten thousands digit of 89226244?
2
What is the units digit of 30505899?
9
What is the units digit of 8177301730?
0
What is the units digit of 979691051?
1
What is the hundreds digit of 56487307?
3
What is the tens digit of 317015403?
0
What is the billions digit of 2042931444?
2
What is the hundred millions digit of 449048095?
4
What is the tens digit of 244116241?
4
What is the tens digit of 681751853?
5
What is the hundred thousands digit of 4202672540?
6
What is the units digit of 258368457?
7
What is the units digit of 96494593?
3
What is the ten millions digit of 14451729?
1
What is the millions digit of 34104635?
4
What is the hundred thousands digit of 71996374?
9
What is the units digit of 3337525898?
8
What is the hundreds digit of 1578500263?
2
What is the ten millions digit of 111034491?
1
What is the millions digit of 316451436?
6
What is the units digit of 160575474?
4
What is the tens digit of 117165099?
9
What is the units digit of 20017887?
7
What is the hundreds digit of 72765799?
7
What is the ten millions digit of 184504207?
8
What is the hundred thousands digit of 29727007?
7
What is the millions digit of 122402581?
2
What is the millions digit of 981952635?
1
What is the hundred millions digit of 2700000885?
7
What is the units digit of 29844504?
4
What is the hundred thousands digit of 5053328894?
3
What is the units digit of 46306278?
8
What is the ten thousands digit of 99876609?
7
What is the ten millions digit of 256369141?
5
What is the hundreds digit of 289631389?
3
What is the units digit of 356173493?
3
What is the units digit of 1198010422?
2
What is the hundreds digit of 176678865?
8
What is the tens digit of 604137298?
9
What is the hundreds digit of 2709957027?
0
What is the ten millions digit of 116598895?
1
What is the tens digit of 1287944?
4
What is the tens digit of 7812224?
2
What is the hundred thousands digit of 54492317?
4
What is the millions digit of 287449820?
7
What is the hundreds digit of 153095402?
4
What is the units digit of 116405104?
4
What is the tens digit of 3601991948?
4
What is the thousands digit of 680143489?
3
What is the units digit of 77515830?
0
What is the hundred millions digit of 1836573230?
8
What is the hundreds digit of 6410807?
8
What is the units digit of 576232426?
6
What is the hundred millions digit of 843647828?
8
What is the hundred thousands digit of 312228701?
2
What is the tens digit of 6860864125?
2
What is the millions digit of 62858906?
2
What is the millions digit of 183739222?
3
What is the hundred thousands digit of 2053150104?
1
What is the thousands digit of 2050612932?
2
What is the millions digit of 66711598?
6
What is the millions digit of 4300895?
4
What is the units digit of 31114540?
0
What is the ten millions digit of 11339736?
1
What is the ten millions digit of 227863674?
2
What is the tens digit of 14328951?
5
What is the thousands digit of 41173831?
3
What is the millions digit of 180032884?
0
What is the hundreds digit of 92137219?
2
What is the tens digit of 4865079767?
6
What is the hundred millions digit of 395330770?
3
What is the ten thousands digit of 4026852421?
5
What is the billions digit of 1161092686?
1
What is the hundred thousands digit of 101839671?
8
What is the units digit of 72911829?
9
What is the hundred millions digit of 2646516845?
6
What is the ten millions digit of 2366684300?
6
What is the ten thousands digit of 1964200160?
0
What is the millions digit of 41762983?
1
What is the units digit of 18497228?
8
What is the millions digit of 5058227653?
8
What is the hundred thousands digit of 178742642?
7
What is the ten thousands digit of 101630107?
3
What is the millions digit of 8234969?
8
What is the millions digit of 3573006141?
3
What is the thousands digit of 106604811?
4
What is the hundred thousands digit of 9037900?
0
What is the ten thousands digit of 141188530?
8
What is the ten millions digit of 3546703468?
4
What is the ten millions digit of 2195660754?
9
What is the units digit of 16157991?
1
What is the hundreds digit of 287056562?
5
What is the thousands digit of 97953725?
3
What is the ten thousands digit of 32413988?
1
What is the thousands digit of 2179673727?
3
What is the ten millions digit of 254807573?
5
What is the hundred millions digit of 638087552?
6
What is the millions digit of 327165777?
7
What is the thousands digit of 1042502329?
2
What is the millions digit of 47410107?
7
What is the billions digit of 1920559930?
1
What is the tens digit of 309044804?
0
What is the ten millions digit of 40203297?
4
What is the ten millions digit of 316002300?
1
What is the ten thousands digit of 349566851?
6
What is the hundred millions digit of 4754888358?
7
What is the billions digit of 1529942523?
1
What is the tens digit of 603219464?
6
What is the ten thousands digit of 37498064?
9
What is the hundred millions digit of 1943063375?
9
What is the hundred thousands digit of 183723804?
7
What is the hundreds digit of 464219784?
7
What is the ten millions digit of 6922852170?
2
What is the hundred millions digit of 110277720?
1
What is the tens digit of 157355225?
2
What is the hundred millions digit of 1479474636?
4
What is the ten millions digit of 214183852?
1
What is the millions digit of 2890316303?
0
What is the units digit of 647949901?
1
What is the tens digit of 2172789585?
8
What is the thousands digit of 120446571?
6
What is the hundred millions digit of 374155881?
3
What is the hundreds digit of 64783510?
5
What is the hundreds digit of 101910747?
7
What is the millions digit of 32370758?
2
What is the hundred thousands digit of 4153160?
1
What is the thousands digit of 975243458?
3
What is the hundred thousands digit of 7331335209?
3
What is the hundred thousands digit of 41671616?
6
What is the hundred thousands digit of 19821920?
8
What is the ten thousands digit of 11010976?
1
What is the hundred thousands digit of 552792636?
7
What is the units digit of 265620976?
6
What is the units digit of 19547888?
8
What is the hundred thousands digit of 1172099274?
0
What is the tens digit of 52454533?
3
What is the thousands digit of 4626238508?
8
What is the tens digit of 110508900?
0
What is the hundreds digit of 29957548?
5
What is the millions digit of 28887639?
8
What is the ten millions digit of 3905473326?
0
What is the units digit of 77507529?
9
What is the units digit of 2462521239?
9
What is the millions digit of 49297511?
9
What is the units digit of 570890168?
8
What is the billions digit of 6856051864?
6
What is the billions digit of 1853260835?
1
What is the ten millions digit of 579128924?
7
What is the units digit of 461410533?
3
What is the millions digit of 26000601?
6
What is the hundred thousands digit of 841422335?
4
What is the hundred thousands digit of 307309776?
3
What is the ten thousands digit of 1183740843?
4
What is the tens digit of 635312297?
9
What is the ten millions digit of 128455320?
2
What is the hundred thousands digit of 34516779?
5
What is the ten millions digit of 1249267324?
4
What is the ten millions digit of 50996388?
5
What is the hundred millions digit of 1206600535?
2
What is the millions digit of 169656674?
9
What is the ten thousands digit of 331678034?
7
What is the ten millions digit of 1239715704?
3
What is the ten thousands digit of 581952888?
5
What is the ten millions digit of 695017879?
9
What is the units digit of 1058263505?
5
What is the units digit of 475205039?
9
What is the hundreds digit of 40618480?
4
What is the hundred thousands digit of 51295113?
2
What is the hun